3 prime?
True
Is 2302969 prime?
True
Is 41140867 a prime number?
False
Is 55553567 composite?
False
Is 30188783 a prime number?
True
Is 34349351 a prime number?
True
Is 14683829 a prime number?
False
Is 1894439 composite?
False
Is 31175503 a prime number?
True
Is 12415135 prime?
False
Is 14249929 composite?
False
Is 26797 composite?
True
Is 5247577 prime?
False
Is 52518313 a composite number?
False
Is 37020559 composite?
True
Is 9729427 composite?
False
Is 9763205 a composite number?
True
Is 700841 a composite number?
True
Is 85551085 a prime number?
False
Is 4936891 a prime number?
True
Is 6947011 prime?
True
Is 117497 a prime number?
True
Is 6292045 a prime number?
False
Is 23636401 composite?
False
Is 61103017 composite?
False
Is 22886503 prime?
False
Is 31007663 composite?
True
Is 372258301 prime?
True
Is 425626153 composite?
True
Is 477671 composite?
False
Is 536491 prime?
True
Is 18445289 a composite number?
True
Is 55936259 composite?
True
Is 647854131 prime?
False
Is 267631069 composite?
False
Is 12042859 a composite number?
True
Is 171569 a composite number?
True
Is 4950481 prime?
False
Is 1536287 a composite number?
False
Is 3588487 composite?
True
Is 8214449 a composite number?
True
Is 1007609 a prime number?
True
Is 7322173 prime?
True
Is 3267483 a prime number?
False
Is 24804019 composite?
True
Is 29759711 prime?
True
Is 4586797 a composite number?
False
Is 1353571 prime?
False
Is 1471983 prime?
False
Is 121640647 composite?
True
Is 154175581 a prime number?
False
Is 491081 prime?
True
Is 9620909 a composite number?
True
Is 8539499 prime?
False
Is 51037243 composite?
True
Is 522581 prime?
False
Is 73393051 prime?
True
Is 458280457 a composite number?
True
Is 45416659 composite?
True
Is 8788163 composite?
False
Is 1050281 prime?
True
Is 187337 a composite number?
False
Is 2802853 a prime number?
True
Is 316213 a composite number?
False
Is 157366523 a composite number?
False
Is 1644143 a prime number?
True
Is 319967 composite?
False
Is 44739113 composite?
False
Is 13057567 a prime number?
True
Is 17312021 a prime number?
False
Is 43199423 a composite number?
False
Is 7428589 a prime number?
False
Is 286727 composite?
True
Is 1368013 a composite number?
False
Is 3558803 composite?
False
Is 653032571 prime?
True
Is 37444733 a composite number?
False
Is 120192619 composite?
False
Is 316633 composite?
False
Is 20785199 a composite number?
True
Is 995212859 a composite number?
False
Is 146191577 composite?
True
Is 30050473 composite?
True
Is 930913 composite?
True
Is 48495521 a composite number?
False
Is 808103 prime?
False
Is 5850961 a prime number?
False
Is 84563741 prime?
True
Is 26663723 composite?
False
Is 575269309 composite?
True
Is 46515037 a composite number?
False
Is 3432059 composite?
False
Is 107935199 composite?
True
Is 22349447 a prime number?
False
Is 1198511 prime?
True
Is 1541497 prime?
True
Is 8006801 composite?
True
Is 10420481 prime?
True
Is 388542101 a composite number?
True
Is 1947457 prime?
True
Is 3638851 a composite number?
False
Is 137551531 a prime number?
False
Is 171315227 prime?
False
Is 9754401 composite?
True
Is 48070039 a prime number?
True
Is 2915771 prime?
False
Is 34024891 prime?
True
Is 11877081 prime?
False
Is 17178773 a composite number?
False
Is 37025183 prime?
False
Is 577523495 prime?
False
Is 2169281 composite?
False
Is 29881337 a prime number?
True
Is 108528155 a composite number?
True
Is 13492889 a composite number?
False
Is 429083 prime?
True
Is 19710539 a composite number?
False
Is 35993717 a composite number?
True
Is 709531 a prime number?
True
Is 526273 a prime number?
False
Is 101885338 prime?
False
Is 1671757 a composite number?
False
Is 618083 prime?
True
Is 52082529 composite?
True
Is 9778321 prime?
False
Is 99809081 prime?
False
Is 7494779 composite?
True
Is 217454887 prime?
False
Is 1500799 prime?
True
Is 5127179 composite?
True
Is 6648469 a composite number?
True
Is 11741495 a prime number?
False
Is 3997493 composite?
False
Is 864849 prime?
False
Is 12077827 a prime number?
False
Is 33975251 a composite number?
True
Is 187225849 composite?
False
Is 177877643 a prime number?
True
Is 8478559 composite?
True
Is 4097981 a prime number?
True
Is 237334627 a composite number?
False
Is 36871 a composite number?
False
Is 33523598 prime?
False
Is 18830939 a prime number?
True
Is 21297911 a composite number?
True
Is 44242603 a prime number?
False
Is 68791295 a prime number?
False
Is 15111491 composite?
False
Is 73491557 composite?
True
Is 298027243 a prime number?
True
Is 2322337 composite?
False
Is 1332271 a prime number?
False
Is 57315254 a prime number?
False
Is 81302302 a prime number?
False
Is 26787707 composite?
True
Is 2061121 a composite number?
True
Is 7075199 a composite number?
False
Is 155505319 a prime number?
True
Is 3285943 a composite number?
False
Is 4087 a prime number?
False
Is 2701537 prime?
False
Is 1734463 prime?
True
Is 685267 prime?
False
Is 292857941 a composite number?
False
Is 62199551 composite?
True
Is 884327 a composite number?
True
Is 3819785 prime?
False
Is 52501781 a prime number?
True
Is 73220762 composite?
True
Is 2986007 composite?
True
Is 2262313 a composite number?
False
Is 41571407 prime?
True
Is 63939 composite?
True
Is 225425099 a prime number?
True
Is 15682339 prime?
False
Is 226281413 a prime number?
True
Is 2775593 prime?
True
Is 142508719 composite?
True
Is 64727501 composite?
False
Is 1856411 composite?
False
Is 596333729 a prime number?
True
Is 242182913 a composite number?
True
Is 23169047 a composite number?
True
Is 15944293 prime?
False
Is 7419889 a prime number?
True
Is 166974909 composite?
True
Is 10732907 a composite number?
False
Is 615097663 prime?
True
Is 4649755307 composite?
False
Is 6974563 a composite number?
False
Is 31470011 a composite number?
True
Is 637199 composite?
False
Is 14692449 prime?
False
Is 465098 prime?
False
Is 900221711 a composite number?
True
Is 8457877 composite?
True
Is 20937409 a prime number?
True
Is 488603 prime?
True
Is 13218463 prime?
True
Is 14899333 prime?
False
Is 16846217 composite?
True
Is 422141891 a composite number?
False
Is 40336557 a prime number?
False
Is 10575823 prime?
True
Is 82032641 a composite number?
False
Is 93476902 prime?
False
Is 12562345 prime?
False
Is 26466431 a prime number?
False
Is 1299029 composite?
False
Is 9236609 prime?
False
Is 92196157 composite?
True
Is 7642913 a prime number?
True
Is 5374927 composite?
False
Is 1126849 composite?
True
Is 69046769 composite?
True
Is 1023539039 composite?
True
Is 1906999 prime?
False
Is 667519 composite?
False
Is 7078103 composite?
True
Is 959753 composite?
True
Is 20911727 a prime number?
True
Is 3902033 composite?
False
Is 258774107 prime?
True
Is 2163101 prime?
True
Is 149514893 composite?
True
Is 9869183 composite?
True
Is 12275537 a prime number?
False
Is 41356097 a prime number?
True
Is 23862329 composite?
False
Is 74891561 composite?
True
Is 2907191087 composite?
False
Is 52844107 a composite number?
False
Is 48349531 a composite number?
False
Is 134762099 a prime number?
False
Is 13291981 prime?
False
Is 237769 a composite number?
True
Is 21209717 composite?
False
Is 30301202 prime?
False
Is 504559 a composite number?
True
Is 4520221 composite?
True
Is 10159339 a prime number?
True
Is 174329 prime?
True
Is 1132031 a composite number?
True
Is 15112715 composite?
True
Is 184231 composite?
False
Is 13132997 a composite number?
True
Is 8133091 prime?
False
Is 123419119 a prime number?
True
Is 6028153 composite?
True
Is 88456651 prime?
True
Is 1427191 composite?
False
Is 69835349 prime?
False
Is 185977669 composite?
False
Is 601351 composite?
True
Is 865229 composite?
True
Is 4706261 a prime number?
False
Is 708823 a prime number?
True
Is 120092411 a composite number?
False
Is 221063001 prime?
False
Is 647763 a prime number?
False
Is 172561871 prime?
True
Is 13219883 a composite number?
False
Is 358493 a composite number?
True
Is 132793439 a composite number?
False
Is 19748111 a composite number?
True
Is 7207559 prime?
False
Is 1545311 composite?
False
Is 1880771 prime?
False
Is 12968429 a prime number?
True
Is 207113 prime?
True
Is 698473 composite?
True
Is 163985249 composite?
True
Is 6448307 prime?
True
Is 59795509 a prime number?